*r - 1. Let c be y(-5). Let g be (c/6)/(4/6). Calculate the greatest common divisor of g and m.
11
Let h be -2*(-4)/8 - -14. Calculate the highest common factor of 5 and h.
5
Suppose l + 5 = 2*x, x - 2*x = -4*l + 1. What is the highest common factor of x and 12?
3
Let u(c) = c**3 + 16*c**2 + 16*c + 16. Let p be u(-15). Calculate the highest common divisor of p and 3.
1
Let h be -102*2/(-4)*3. Calculate the greatest common factor of 17 and h.
17
Suppose p = -p + 8. Suppose -80 = 2*x - p*x. Let r be -10*(-1 - 1)/2. What is the highest common divisor of x and r?
10
Let n be 84/(-18)*9/2. Let f = n + 32. What is the greatest common factor of 44 and f?
11
Let j = 12 + 9. Let l be (-14)/(j/12 + -2). Let s be (-3)/(50/l + -1). What is the greatest common divisor of 14 and s?
14
Let r = 13 + -8. Suppose -k - 3*k + 84 = -r*x, -4*k - 2*x + 84 = 0. Suppose -5*s = -777 - 378. What is the highest common divisor of s and k?
21
Let x = 1 - -10. Suppose -q + 6*c - c + 114 = 0, 5*q - 2*c - 501 = 0. Calculate the greatest common factor of x and q.
11
Let p = 209 - 149. What is the highest common factor of 12 and p?
12
Suppose 20 = 3*a - 2*t - 284, 0 = -5*a + 4*t + 506. What is the greatest common factor of 34 and a?
34
Let m be 1 - 1/((-2)/(-338)). Suppose 6*v = v - 5*j - 10, -2*j = -v + 7. Let g be m/20*v*-10. Calculate the highest common divisor of g and 14.
14
Let x = -6 - -11. Suppose 30 = x*f - 50. Calculate the greatest common factor of 2 and f.
2
Let l(g) = -2*g - 25. Let v be l(-15). What is the highest common divisor of 35 and v?
5
Suppose -5*p + 2*w + 6 = 0, 6*w = 3*p + w + 4. Suppose 0*o = p*o - 20. What is the highest common factor of o and 5?
5
Let c(k) = k**3 + 3*k**2 - 6*k - 4. Let g be c(-4). Let z = 41 - 25. Suppose 46 - z = 3*o. Calculate the greatest common divisor of g and o.
2
Let g be 25 + -1 - 2/2. Suppose 3*f - 43 = g. Calculate the highest common factor of f and 154.
22
Let o = 105 - 61. What is the highest common divisor of o and 66?
22
Suppose -k = 2*k - 4*h - 49, k + 4*h + 5 = 0. Calculate the highest common factor of 11 and k.
11
Let a = 84 + 12. What is the greatest common factor of a and 12?
12
Suppose 4*x - 5*v = -v + 20, 2*x - 4 = -v. Let d(s) = 35*s + 3. Let p be d(x). Calculate the highest common factor of 12 and p.
12
Suppose -4*w + 67 = 5*u, -u = u - 2*w - 16. Calculate the greatest common divisor of u and 11.
11
Suppose 0 = 3*v, -n + v + 2 = -4*v. Suppose p = n*t - 31, 2*t = -p - 0*p + 25. What is the highest common factor of 21 and t?
7
Suppose 0 = 3*q + 3*s - 411, -2*s = -3*q + 4*q - 139. Calculate the greatest common divisor of 15 and q.
15
Let n(m) = m**2 + m + 2. Let j be n(0). Let i(u) = u**3 + 1 + 4*u + 0*u**2 - 3 - u**j + 7*u**2. Let f be i(-4). What is the highest common factor of f and 2?
2
Suppose -12 = 3*n + 5*j, -4*j - 3 = n + 1. Let t be 1432/20 - n/10. Suppose g + 16 + 9 = 3*a, -5*g + 10 = 0. Calculate the greatest common factor of t and a.
9
Let q(s) = -s**3 - 4*s**2 + 4*s - 1. Let d be q(-5). Suppose j = 5*j - d*c - 12, 0 = -2*c + 2. What is the highest common divisor of 10 and j?
2
Let y = 14 + -12. Suppose 16 = a + 2*t, y*t - 4 - 100 = -5*a. What is the greatest common divisor of a and 11?
11
Let s(l) = l**2 + 6*l + 7. Let d be -3 - (-1 - (0 - 3)). Let q be s(d). What is the greatest common factor of 2 and q?
2
Let m(t) = 3*t + 23. Let p be m(7). What is the highest common divisor of p and 11?
11
Let t(d) = d**2 - d - 2. Let w be t(3). Let x be 155*w/8*2. What is the greatest common divisor of x and 62?
31
Suppose 2*y - 14 = -2*q, -2*y - y = q - 27. Calculate the highest common factor of y and 10.
10
Suppose 5*o - 135 = -5*w, 3*w + 2*o = -0*w + 76. What is the highest common factor of w and 198?
22
Let u be -4*2/16*-14. What is the greatest common factor of 49 and u?
7
Let g be -5 + 6 + (-47)/(-1). Suppose -p + 3*x + g = p, 2*x = -2*p + 58. Calculate the greatest common factor of p and 81.
27
Let n(f) = -f**3 + 6*f**2 + 7*f. Let b be n(7). Let i be b - (0 + -2 - 34). Suppose 0 = -2*k - 5*k + 63. Calculate the highest common divisor of k and i.
9
Let r = -77 - -84. Let p(t) = 57*t**2 + t. Let h be p(-1). What is the greatest common divisor of r and h?
7
Let g be (-14)/(-3) + 4/(-6). Suppose 102 = 4*y + y + 2*f, g*y - 85 = -5*f. Calculate the highest common divisor of 10 and y.
10
Suppose -2*f - 4*t + 28 = 0, t = f - 4*t + 7. Let i = 302 + 154. Suppose b = -4*u + 72, -5*b + i = -7*u + 3*u. What is the greatest common divisor of f and b?
8
Let n be (8/3)/(6/9). Suppose 0 = n*h - 2*h - 6. Suppose 0 = 5*u - a - a - 118, -h*u + 74 = -2*a. What is the greatest common factor of u and 2?
2
Let r = -12 + 2. Let j = r - -46. What is the highest common divisor of 24 and j?
12
Let b be 920/50 + 2/(-5). Let w(n) = -n**3 + 9*n**2 + 5*n + 9. Let v be w(9). What is the greatest common factor of b and v?
18
Let t(s) = s**3 - 3*s**2 + s - 4. Let z(g) = -g**3 + 2*g. Let j be z(-2). Let y be t(j). Calculate the highest common factor of 8 and y.
8
Suppose 0 = -z + 4*z. Suppose z = b - 18 - 4. Let a(y) = 3*y**2 + 3*y - 3. Let p be a(-4). Calculate the highest common factor of p and b.
11
Let z be (30/(-9)*-3)/(-1). Let f be (-1)/5 - 1122/z. What is the greatest common divisor of f and 16?
16
Suppose x + d + 11 = 6*x, -d = -x + 3. What is the highest common factor of x and 22?
2
Suppose 0 = -6*y + 5*y - 60. Let s = y - -181. What is the highest common divisor of s and 11?
11
Suppose 42 = 6*l - 4*l + 5*d, 5*l - 4*d = 39. Calculate the greatest common divisor of 77 and l.
11
Suppose -2*v = -8*v + 108. Calculate the greatest common divisor of 45 and v.
9
Suppose 0*y + 2*y - 12 = 0. Calculate the highest common divisor of 24 and y.
6
Let s = 73 + 29. Suppose -2*d - t + 69 = 0, -3*d - t + s = t. Suppose -3*i + 19 = -17. Calculate the greatest common divisor of i and d.
12
Suppose 14 = m - 15. What is the highest common factor of 29 and m?
29
Let d be 136/6 + (-6)/9. What is the greatest common factor of 66 and d?
22
Suppose -3*p + 34 = 7. What is the highest common factor of 36 and p?
9
Let k = 51 + -19. Calculate the greatest common factor of k and 32.
32
Suppose -4*n = -0*n - 248. Let r = 26 + n. What is the greatest common factor of 11 and r?
11
Let d be (6/5)/((-4)/(-270)). Let o(b) = -b + 2. Let p be o(-7). Calculate the greatest common factor of p and d.
9
Suppose 0 = -2*n + 3*n - 5*p - 301, 0 = -4*n + 2*p + 1186. Calculate the highest common divisor of n and 37.
37
Let i(x) = -10*x - 19. Let o be i(-3). What is the highest common factor of o and 22?
11
Suppose 2*r = 3 + 5. Let l be (-12)/(-8) + 34/r. What is the greatest common divisor of 50 and l?
10
Suppose -4*j + 20 = 0, j - 3*j = 3*k - 52. Calculate the greatest common divisor of k and 28.
14
Let u(o) = -o**3 + 14*o**2 - 11*o - 15. Let y = -19 + 32. Let b be u(y). Suppose -g = -2*g + b. Calculate the greatest common divisor of 11 and g.
11
Suppose -3*m = 5*l + 2*m - 380, -2*m = -4*l + 304. Let t be 4/(-4) - -1*l. Calculate the highest common factor of 30 and t.
15
Let x = -9 - -5. Let b = x - -8. Suppose 0 = -b*i + i + 27. What is the highest common divisor of i and 99?
9
Let n be 9 - 6*4/8. Calculate the highest common divisor of n and 18.
6
Let t(l) = 8*l**2 + 10*l + 9. Let d(v) = -v**2 - v - 1. Let n(g) = 5*d(g) + t(g). Let q be n(-3). Let c = -10 + q. What is the highest common factor of c and 9?
3
Let o(n) = -62*n + 3. Let y be o(-1). Calculate the greatest common factor of y and 26.
13
Let q = 14 + -8. Suppose -56 = -3*m + 16. What is the greatest common divisor of q and m?
6
Suppose 5*w - 15 = 0, -2*m + 5*w = 3*m. Let n = 7 - m. What is the highest common divisor of 1 and n?
1
Let f be (1 + 0)/(1/202). Suppose -68 = -3*z + f. Calculate the greatest common factor of z and 36.
18
Let u(i) = i**2 - 19*i + 6. Let c be u(19). What is the greatest common divisor of c and 54?
6
Let j = 61 + -41. Calculate the greatest common divisor of 50 and j.
10
Let n(p) = -p + 2. Let m be n(-6). Suppose -152 = -4*r - 0*r + 2*l, 4*r = -4*l + 140. Let t = r + m. What is the greatest common factor of t and 18?
9
Let r = -94 + 194. What is the highest common factor of r and 40?
20
Suppose 2*q - 16 - 4 = 0. What is the highest common factor of q and 25?
5
Let t = -152 + 224. What is th